ple of 180?
True
Is 581 a factor of 4372524?
False
Does 8 divide 274328?
True
Is 155404 a multiple of 13?
False
Is 121859 a multiple of 53?
False
Is 409 a factor of 6543182?
True
Is 133 a factor of 17960453?
True
Is 22572 a multiple of 171?
True
Is 272 a factor of 109344?
True
Is 31690941 a multiple of 33?
False
Does 57 divide 24536227?
False
Does 10 divide 7119160?
True
Does 99 divide 718443?
True
Is 876800 a multiple of 320?
True
Is 34 a factor of 24422880?
True
Does 311 divide 935177?
True
Is 86984 a multiple of 134?
False
Does 104 divide 248664?
True
Is 2512328 a multiple of 952?
True
Is 18 a factor of 206754?
False
Is 3697 a multiple of 241?
False
Is 4 a factor of 7448?
True
Is 302690 a multiple of 9?
False
Is 49 a factor of 131957?
True
Is 61 a factor of 203924?
False
Is 14 a factor of 660676?
False
Is 201294 a multiple of 6?
True
Does 317 divide 370573?
True
Does 33 divide 54582?
True
Is 46 a factor of 1787422?
True
Is 73 a factor of 7139861?
False
Does 123 divide 77903?
False
Is 22 a factor of 3443453?
False
Does 5 divide 38468?
False
Is 884065 a multiple of 65?
True
Is 171 a factor of 1188764?
False
Is 35 a factor of 30345?
True
Is 1263620 a multiple of 41?
True
Is 350137 a multiple of 124?
False
Is 22379 a multiple of 76?
False
Does 4 divide 75677?
False
Is 9008956 a multiple of 11?
True
Is 20616 a multiple of 24?
True
Is 2 a factor of 16301?
False
Is 6848 a multiple of 7?
False
Is 8 a factor of 59902?
False
Is 3153529 a multiple of 7?
False
Is 111 a factor of 4645677?
False
Is 618563 a multiple of 1061?
True
Is 113363 even?
False
Does 908 divide 772864?
False
Does 33 divide 107429?
False
Does 20 divide 236720?
True
Is 10 a factor of 480736?
False
Is 13391 a multiple of 7?
True
Does 7 divide 81326?
True
Is 448560 a multiple of 120?
True
Is 1093098 a multiple of 89?
True
Is 134 a factor of 1386632?
True
Does 213 divide 2217543?
True
Is 11 a factor of 11364221?
True
Does 9 divide 3788467?
False
Is 1340 a factor of 4825340?
True
Does 79 divide 30272?
False
Is 48902 a multiple of 24?
False
Is 170462 a multiple of 29?
True
Is 206 a factor of 3032320?
True
Is 10630107 a multiple of 9?
True
Does 14 divide 195156?
False
Does 48 divide 317520?
True
Is 81964 a multiple of 5?
False
Does 14 divide 39523?
False
Is 13618 a multiple of 4?
False
Is 99 a factor of 1104031?
False
Is 66901 a multiple of 147?
False
Does 11 divide 214340?
False
Is 329 a factor of 1155777?
True
Does 181 divide 3466335?
False
Is 84 a factor of 35364?
True
Is 512533 a multiple of 7?
True
Is 6 a factor of 1977?
False
Does 21 divide 360179?
False
Does 1089 divide 7568913?
False
Is 172368 a multiple of 21?
True
Does 3 divide 452491?
False
Does 148 divide 83768?
True
Is 2579742 a multiple of 6?
True
Does 24 divide 1656888?
True
Is 53 a factor of 57611?
True
Does 25 divide 5794525?
True
Is 177 a factor of 208026?
False
Does 6 divide 144437?
False
Is 41 a factor of 308648?
True
Is 129 a factor of 1573248?
False
Is 7 a factor of 2202898?
False
Is 294 a factor of 876182?
False
Is 4039920 a multiple of 186?
True
Is 27 a factor of 23990?
False
Does 90 divide 131220?
True
Does 15 divide 127858?
False
Is 21 a factor of 2013795?
True
Is 92148 a multiple of 84?
True
Does 847 divide 7569639?
True
Is 18 a factor of 1829181?
False
Is 919 a factor of 8758825?
False
Does 539 divide 27489?
True
Is 77190 a multiple of 155?
True
Does 6 divide 420419?
False
Does 756 divide 361294?
False
Is 220 a factor of 253000?
True
Does 409 divide 248630?
False
Does 11 divide 1970672?
True
Is 141699 a multiple of 145?
False
Is 23758 a multiple of 14?
True
Is 1291705 a multiple of 78?
False
Is 560 a factor of 2333520?
True
Is 899 a factor of 166295?
False
Does 44 divide 606892?
True
Does 123 divide 10540724?
False
Is 193 a factor of 2140907?
False
Does 37 divide 2682895?
False
Is 1138 a factor of 2535572?
False
Does 19 divide 24123?
False
Is 299 a factor of 199433?
True
Is 125 a factor of 444551?
False
Is 167883 a multiple of 104?
False
Is 61 a factor of 739503?
True
Is 116073 a multiple of 27?
True
Does 16 divide 9455904?
True
Is 11566320 a multiple of 40?
True
Does 8 divide 42312?
True
Is 300729 a multiple of 5?
False
Is 447 a factor of 5701826?
False
Does 59 divide 37894?
False
Does 3 divide 12245?
False
Is 5278373 a multiple of 353?
False
Is 88 a factor of 1278640?
True
Is 5340625 a multiple of 8?
False
Is 13270593 a multiple of 7?
True
Does 9 divide 16457?
False
Is 65 a factor of 146526?
False
Does 24 divide 12798322?
False
Is 245 a factor of 186967?
False
Is 141 a factor of 276111?
False
Is 4305854 a multiple of 205?
False
Is 72 a factor of 659304?
True
Is 41 a factor of 42273?
False
Is 693687 even?
False
Does 13 divide 5955690?
True
Does 157 divide 160297?
True
Is 22645535 a multiple of 15?
False
Is 58 a factor of 96775?
False
Is 428197 a multiple of 57?
False
Is 733 a factor of 20326823?
True
Does 94 divide 14194?
True
Does 3 divide 25541?
False
Is 15237305 a multiple of 15?
False
Does 39 divide 45375?
False
Does 3 divide 596439?
True
Does 60 divide 715800?
True
Does 7 divide 59570?
True
Is 168600 a multiple of 24?
True
Is 5920640 a multiple of 64?
True
Is 26064 a multiple of 24?
True
Is 8 a factor of 93040?
True
Is 1453101 a multiple of 703?
True
Is 2503761 a multiple of 8?
False
Is 87 a factor of 372378?
False
Is 87618 a multiple of 6?
True
Is 24439 a multiple of 15?
False
Does 35 divide 4721010?
True
Is 146 a factor of 1504238?
True
Is 104976 a multiple of 12?
True
Is 117 a factor of 869042?
False
Does 567 divide 1035909?
True
Is 15774648 a multiple of 32?
False
Does 166 divide 1319169?
False
Is 24 a factor of 3067824?
True
Is 71 a factor of 11643432?
True
Is 4688400 a multiple of 100?
True
Does 25 divide 171702?
False
Does 6 divide 98052?
True
Is 2029548 a multiple of 156?
False
Is 60039 a multiple of 157?
False
Does 200 divide 30400?
True
Is 3 a factor of 4172662?
False
Does 75 divide 866925?
True
Is 24 a factor of 279408?
True
Is 10 a factor of 124980?
True
Does 410 divide 229600?
True
Is 9 a factor of 6689?
False
Does 11 divide 51432?
False
Is 35 a factor of 12791?
False
Is 6721986 a multiple of 309?
True
Is 1470239 a multiple of 227?
False
Is 5415041 a multiple of 142?
False
Does 902 divide 904706?
True
Is 463 a factor of 2688335?
False
Does 56 divide 160594?
False
Is 45 a factor of 572208?
False
Is 89 a factor of 94607?
True
Does 28 divide 554175?
False
Is 91 a factor of 13579384?
True
Does 54 divide 25552406?
False
Is 21976 a multiple of 41?
True
Is 37 a factor of 259259?
True
Is 2096069 a multiple of 11?
False
Does 3 divide 374536?
False
Is 15672 a multiple of 390?
False
Is 608054 a multiple of 118?
True
Is 96372 a multiple of 18?
True
Is 3620 a multiple of 5?
True
Is 259759 a multiple of 14?
False
Is 6 a factor of 34914?
True
Does 21 divide 98112?
True
Is 127796 a multiple of 8?
False
Does 4 divide 329796?
True
Is 139 a factor of 3231480?
False
Is 29 a factor of 1214462?
True
Is 215297 a multiple of 25?
False
Is 9146926 a multiple of 13?
False
Is 37 a factor of 159402?
False
Does 5 divide 185228?
False
Is 2232975 a multiple of 475?
True
Is 16239772 a multiple of 1493?
False
Does 32 divide 7364161?
False
Is 1845 a multiple of 9?
True
Is 66 a factor of 147269?
False
Does 957 divide 3842219?
False
Does 574 divide 260596?
True
Is 10 a factor of 687070?
True
Is 260 a factor of 60060?
True
Is 13 a factor of 249238?
False
Is 4 a factor of 191736?
True
Does 2 divide 668162?
True
Does 2118 divide 37133?
False
Does 360 divide 74307?
False
Does 400 divide 5202400?
True
Is 277973 a multiple of 137?
True
Is 686352 a multiple of 48?
True
Is 156173 a multiple of 28?
False
Does 9 divide 56682?
True
Is 8957927 a multiple of 503?
True
Is 12 a factor of 21176544?
True
Is 29 a factor of 8972890?
True
Is 46727 a multiple of 41?
False
Does 2 divide 185034?
True
Is 48 a factor of 892253?
False
Is 5 a factor of 44406?
False
Is 989640 a multiple of 24?
True
Does 181 divide 568159?
True
Is 34424 a multiple of 9?
False
Is 12 a factor of 289680?
True
Does 13 divide 6048354?
True
Is 14 a factor of 6969998?
True
Does 15 divide 292080?
True
Does 465 divide 4824840?
True
Does 124 divide 176951?
False
Is 215 a factor of 454103?
False
Is 650834 a multiple of 97?
False
Is 2259860 a multiple of 149?
False
Is 58 a factor o